62*m**2 + 110*m + 312. Determine n(-32).
-1160
Let r(w) = -w**3 + 6*w**2 - 62843*w + 377077. Determine r(6).
19
Let x(g) = g**3 - 1252*g**2 - 17743*g - 285. Calculate x(-14).
-19
Let o(v) = 22*v**2 + 468*v - 468. Give o(-19).
-1418
Let d(f) = 37*f**2 - 4113*f + 4713. Calculate d(110).
-17
Let v(z) = -12*z**3 + 22*z**2 + 83*z - 91. Calculate v(-4).
697
Let z(u) = 13825*u + 815676. What is z(-59)?
1
Let s(h) = -12*h**2 + 5*h + 586. Give s(7).
33
Let u(d) = -35*d**2 + 101*d + 359. Give u(-3).
-259
Let t(h) = -h**3 + 15*h**2 + h - 8. Determine t(4).
172
Let b(g) = -334*g**3 - 9*g**2 - 66*g - 56. Determine b(-1).
335
Let c(h) = 2*h**3 - 25*h**2 - 87*h + 174. Determine c(-8).
-1754
Let x(g) = -g**3 + 119*g**2 - 2813*g - 43183. Calculate x(70).
7
Let h(x) = -2*x**3 + 1473*x**2 - 6637*x + 35826. Give h(732).
-42
Let x(p) = 2*p**3 + 302*p**2 + 1166*p - 377. What is x(-147)?
1093
Let w(h) = -h**2 - 68518*h - 68518. Determine w(-1).
-1
Let y(f) = -403*f - 99938. Determine y(-248).
6
Let c(g) = -1757*g + 1533862. What is c(873)?
1
Let o(l) = -349*l + 3957. Determine o(7).
1514
Let n(r) = 5*r**3 - 2*r**2 + 14*r - 10. What is n(0)?
-10
Let a(m) = m**2 + 1299*m - 264586. Determine a(179).
-24
Let j(z) = -z**3 - 2*z**2 - 199*z + 1827. What is j(9)?
-855
Let j(y) = -157*y - 650. Determine j(-5).
135
Let d(k) = -3*k**2 - 13123*k + 39372. Determine d(3).
-24
Let u(j) = -112042*j + 784282. Calculate u(7).
-12
Let o(n) = -25079*n + 75223. Determine o(3).
-14
Let x(h) = -9*h**3 + 1351*h**2 + 352*h - 75300. Determine x(150).
0
Let g(r) = 20*r**2 - 2665*r + 5330. Give g(2).
80
Let t(b) = -7*b**3 - 966*b**2 + 131*b + 18077. Calculate t(-138).
-1
Let x(c) = -3691*c + 1088827. Calculate x(295).
-18
Let c(u) = 6*u**2 - 142*u + 3035. Give c(26).
3399
Let v(m) = -m**3 + 41*m**2 - 417*m + 293. What is v(26)?
-409
Let b(w) = 62504*w + 3375222. Give b(-54).
6
Let x(l) = -178*l**2 + 2452*l - 4901. Calculate x(2).
-709
Let k(r) = r**3 - 111*r**2 + 252*r + 84806. Calculate k(100).
6
Let x(w) = 16*w**2 + 332*w - 498. What is x(-26)?
1686
Let f(y) = -1490*y - 378. Calculate f(-1).
1112
Let v(f) = 8*f**3 - 188*f**2 - 270*f - 51. Give v(25).
699
Let r(d) = 24*d**2 + 1722*d - 3533. Give r(2).
7
Let l(s) = -s**3 + 17*s**2 + 110*s - 638. Determine l(23).
-1282
Let b(i) = 6*i**2 + 4*i - 864. What is b(0)?
-864
Let a(n) = -394*n - 10966. Determine a(-30).
854
Let g(t) = 16*t**2 - 2367*t - 17466. Determine g(155).
49
Let l(t) = -5*t**2 + 2102*t + 16934. What is l(-8)?
-202
Let p(a) = a**2 - 19649*a - 708652. Calculate p(-36).
8
Let l(n) = 16*n**2 + 1560*n + 6527. What is l(-93)?
-169
Let n(u) = -u**2 - 1122*u - 197690. Give n(-219).
67
Let n(y) = 2*y**2 - 34*y + 252. Give n(8).
108
Let f(k) = -17654*k - 4342876. What is f(-246)?
8
Let l(s) = -s**2 + 3055*s + 42. Give l(0).
42
Let t(p) = 2*p**2 - 94*p - 271. Determine t(45).
-451
Let h(c) = -50*c**2 + 556*c + 58157. Give h(-29).
-17
Let i(j) = -3*j**2 + 124118*j + 496524. Determine i(-4).
4
Let g(q) = -2803*q - 2350. Calculate g(-1).
453
Let a(v) = 201*v**3 - 9850*v**2 + 44*v + 151. Give a(49).
-94
Let c(i) = i**2 + 1652*i + 130222. What is c(-83)?
-5
Let t(v) = -4*v**3 - 211*v**2 - 284*v - 18. Give t(-51).
-3741
Let z(c) = -2*c**3 - 28*c**2 + 270*c - 540. What is z(5)?
-140
Let t(s) = 158*s + 6034. Determine t(-44).
-918
Let n(l) = l**2 - 285*l - 8751. Give n(-28).
13
Let f(o) = -4*o**2 - 1150*o - 24802. What is f(-264)?
14
Let d(m) = m**2 + 6051*m - 157792. Give d(26).
210
Let b(m) = 10*m**2 - 272*m - 410. Calculate b(27).
-464
Let x(u) = -12*u**3 - 254*u**2 - 27*u - 96. Give x(-21).
-411
Let m(d) = -13*d**2 - 326*d - 239. Calculate m(-1).
74
Let w(j) = -3060*j + 25527. What is w(8)?
1047
Let k(m) = -414*m + 65209. Determine k(157).
211
Let h(o) = -700*o + 864562. Determine h(1235).
62
Let b(c) = -148*c - 635. Determine b(-6).
253
Let t(l) = -5*l**2 - 412*l + 30401. Give t(47).
-8
Let v(o) = o**2 - 5459*o + 32723. Give v(6).
5
Let y(l) = 9*l**2 + 1942*l + 63010. Determine y(-176).
2
Let o(a) = -8*a - 764. Determine o(-19).
-612
Let z(u) = -u**3 - 225*u**2 - 253*u - 7667. Give z(-224).
-1171
Let h(w) = -3*w**3 - 141*w**2 - 233*w - 18085. What is h(-48)?
11
Let a(t) = -211624*t - 1058063. Give a(-5).
57
Let c(s) = 22*s**2 - 8393*s + 33221. Give c(4).
1
Let h(y) = y**3 - 2*y**2 + 173*y - 1992. Calculate h(10).
538
Let x(y) = y**2 - 98501*y - 295516. Calculate x(-3).
-4
Let i(m) = 322*m**2 + 3840*m - 281. Give i(-12).
7
Let p(y) = 71*y**3 - 225*y**2 - 709*y - 46. Give p(-3).
-1861
Let j(s) = -251*s - 1623. Determine j(-3).
-870
Let n(a) = 8*a**2 + 290*a + 1637. What is n(-29)?
-45
Let r(t) = -t**3 + 137*t**2 - 475*t + 9963. Give r(134).
181
Let v(p) = -11504*p + 138053. Calculate v(12).
5
Let l(d) = -d**3 - 47*d**2 - 586*d - 22304. Determine l(-45).
16
Let k(p) = -326*p**3 + 651*p**2 + 10*p - 14. Calculate k(2).
2
Let t(h) = -h**3 + 124*h**2 - 233*h - 1096. Determine t(122).
246
Let g(r) = -25629*r - 8816376. Calculate g(-344).
0
Let f(s) = -6561*s + 6648. Determine f(1).
87
Let i(k) = 725*k - 29816. Calculate i(41).
-91
Let s(v) = 17*v**2 + 713*v + 3235. Give s(-5).
95
Let q(w) = -6*w**2 + 57080*w + 571404. What is q(-10)?
4
Let u(i) = i**3 - 29*i**2 - 34165*i + 5990. What is u(-171)?
5
Let o(m) = 4*m**3 - 4377*m**2 + 5345*m + 131158. Determine o(1093).
-2
Let o(v) = v**3 - 25*v**2 + 2*v + 104. Determine o(7).
-764
Let y(d) = -267*d**2 + 5373*d - 139. Calculate y(20).
521
Let v(u) = -1386*u - 57799. Give v(-42).
413
Let r(n) = 739*n + 20813. Determine r(-29).
-618
Let t(i) = 32*i**2 - 9*i + 64. Give t(0).
64
Let i(r) = 60*r**2 - 235*r - 30. Calculate i(4).
-10
Let b(m) = 12*m**2 + 188*m - 541. Determine b(-15).
-661
Let p(a) = 349*a + 26632. Calculate p(-78).
-590
Let f(c) = -3*c**2 + 2097*c - 268715. Give f(530).
-5
Let d(y) = y**3 - 7*y**2 - 436*y + 3768. Determine d(9).
6
Let j(d) = 3*d**2 + 2791*d - 171975. Calculate j(58).
-5
Let f(r) = 24276*r - 121893. Determine f(5).
-513
Let t(p) = 5167*p - 37483. Determine t(8).
3853
Let c(y) = 84*y**2 + 410*y - 1. Calculate c(-5).
49
Let s(p) = -20911*p + 292966. Determine s(14).
212
Let f(u) = -u**2 + 112*u + 39801. Determine f(263).
88
Let x(u) = 16*u**3 + 89*u**2 + 104*u + 18. What is x(-4)?
2
Let m(r) = -10*r**2 - 1985*r - 80329. Determine m(-142).
-99
Let h(l) = -242*l**2 + 13797*l - 184. Give h(57).
-13
Let l(z) = -4*z**3 + 20*z**2 + 74*z + 707. Give l(-9).
4577
Let h(o) = 6732*o + 767509. Give h(-114).
61
Let t(m) = -15*m**2 + 605*m + 313. What is t(26)?
5903
Let b(m) = -88*m - 49106. What is b(-558)?
-2
Let g(d) = -d**3 - 7*d**2 + 139*d + 51. Give g(-17).
578
Let s(u) = u**3 - 418*u**2 + 903*u - 29575. Calculate s(416).
-39
Let j(t) = 270369*t - 2703764. What is j(10)?
-74
Let u(i) = -292*i + 1128. What is u(4)?
-40
Let r(v) = 1281*v + 6461. Calculate r(-5).
56
Let m(b) = -28*b**2 - 2*b + 697. Calculate m(0).
697
Let j(r) = -4*r**2 - 893*r + 545. What is j(-224)?
-127
Let y(p) = -p**2 + 2730*p - 1231252. Calculate y(570).
-52
Let i(x) = 26*x**2 + 199*x - 925. What is i(-11)?
32
Let i(r) = 5*r**2 - 5969*r - 78500. Determine i(-13).
-58
Let d(q) = -9*q**3 + 346*q**2 - 106*q - 1855. Calculate d(38).
-107
Let h(r) = -3*r**3 + 207*r**2 + 217*r - 412. Determine h(70).
78
Let o(m) = 689*m - 197051. Give o(286).
3
Let h(i) = i**3 - 84*i**2 - 1030*i + 59659. Determine h(88).
-5
Let m(l) = 560*l - 5352. Calculate m(9).
-312
Let w(y) = 4*y**3 - 236*y**2 + 206*y + 126. Give w(58).
-1382
Let m(c) = c**3 + 4*c**2 - 107*c - 555. What is m(-6)?
15
Let j(n) = 71146*n - 284577. Determine j(4).
7
Let w(b) = 7*b**3 - 27*b**2 + 17*b + 20. Calculate w(3).
17
Let q(t) = 859*t**2 + 1102099*t + 2556. Give q(-1283).
-10
Let c(p) = -18*p + 1924. Give c(35).
1294
Let m(x) = x**2 - 187*x + 3039. Calculate m(20).
-301
Let w(j) = -9*j**3 - 77*j**2 + 510*j + 3801. Calculate w(-10).
1
Let p(h) = 2*h**2 + 9382*h - 18782. Calculate p(2).
-10
Let k(v) = -1626*v + 3023. What is k(2)?
-229
Let p(u) = -36702*u + 36800. Calculate p(1).
98
Let k(i) = 11*i**2 + 2768*i + 16192. Give k(-6).
-20
Let h(y) = 1138*y + 4827. What is h(-3)?
1413
Let a(s) = 155*s**3 + 1333*s**2 + 53*s - 13. Give a(-9).
-5512
Let g(m) = m**2 + 111*m - 348. What is g(-112)?
-236
Let f(g) = -g**2 - 128*g - 3599. Determine f(-86).
13
Let y(x) = 58*x + 18